d y?
12
Suppose -28 = -3*c - r, -4*c + 0*r + 20 = -3*r. Let b = -10 + 11. Calculate the highest common divisor of b and c.
1
Let s(c) = 2*c + 62. Let o be s(-28). Calculate the greatest common factor of o and 48.
6
Let b(k) = -2*k**2 + 19*k + 4. Let g be b(8). Suppose 0 = 4*d + d - 280. Calculate the greatest common divisor of d and g.
28
Suppose -5*w + 46 = 4*u, 6*w - 5*u = 3*w + 35. Suppose -4*t + 55 = t. Suppose -114 = -5*z + t. What is the highest common divisor of w and z?
5
Let p = 16 - 10. Calculate the greatest common divisor of p and 24.
6
Let j(w) = -57*w - 1. Let g be j(-1). Let b(z) = -z**2 + 6*z - 1. Let f be b(7). Let v be (-12)/f*56/6. What is the highest common divisor of v and g?
14
Let a be 3/(4/(16/(-2))). Let p(y) = y**2 - y - 9. Let r be p(a). What is the highest common divisor of r and 22?
11
Suppose 2*u - 18 = -y + 3*u, -3*u - 92 = -5*y. Calculate the highest common factor of y and 19.
19
Let m(f) = 3*f**2 + 3*f + 4. Let q be m(-4). Calculate the greatest common divisor of 16 and q.
8
Let q(y) = 3*y**2 - 4*y + 30. Let i be q(-7). Calculate the highest common divisor of i and 82.
41
Let q be (-12)/18 - 86/6. Let l be (3 - q/6)*36. What is the greatest common divisor of l and 18?
18
Suppose 4*q = -4*m + 4, 2*m + 3*q + 9 = m. Suppose -25 = -2*v + 3*w, -m*w + 2*w + 29 = 3*v. Let j = 6 + 93. Calculate the highest common factor of v and j.
11
Let n = 316 - 40. Let o = -2 - -6. Suppose o*x + 0*c - n = -c, 342 = 5*x + 2*c. Calculate the highest common divisor of 14 and x.
14
Let j be (-1)/(-4) + 286/8. Let f = -24 - -48. What is the greatest common divisor of j and f?
12
Let b = 10 - 7. Let d(m) = -4 + b*m**2 + 8 + 8*m + 1 - m. Let h be d(-5). What is the greatest common divisor of 5 and h?
5
Let c = -57 - -162. What is the greatest common factor of 21 and c?
21
Let m be ((-8)/(-72))/(2/18). Calculate the greatest common divisor of m and 3.
1
Suppose 0 = 11*r + 39 - 105. Suppose -3*m = -f - 33, -2*f - 48 + 18 = -3*m. Calculate the highest common divisor of r and m.
6
Let f = 434 + -237. Suppose 4*l - 415 = f. Calculate the highest common factor of 17 and l.
17
Let q be (-2 + 4)*232/16. Calculate the greatest common factor of q and 116.
29
Let i be 2/(-2) + 20/4. Let m be (-9)/3 + i - -17. What is the greatest common factor of 12 and m?
6
Let j be 0*((-9)/(-3))/9. Let f = j - -3. Let k be 55/f + (-3)/9. Calculate the greatest common divisor of k and 27.
9
Suppose 0 = 5*d - 2*d - 750. Suppose -4*q + d = -2*c, -4*q = -q - 2*c - 186. Calculate the greatest common factor of q and 8.
8
Let p = 21 + -8. Calculate the highest common divisor of p and 13.
13
Let t(a) = a**2 - a + 1. Let h be t(2). Suppose -25 = -2*y - h*y. What is the greatest common factor of 2 and y?
1
Let b = -22 + 23. Suppose -2*j - 2*s = 6, 3*j + 2*s = -5 + b. What is the highest common factor of j and 3?
1
Let b(i) = 2*i**3 - 3*i - 3. Let p be b(5). Let x = p + -147. Suppose -119 = 164*y - 171*y. Calculate the greatest common divisor of x and y.
17
Let q = 11 - 6. Suppose -26 + q = -3*i. What is the highest common divisor of 35 and i?
7
Let d = 0 - 3. Let n be 10/4 - d/(-6). Suppose -n*r + 30 = -14. What is the greatest common factor of 55 and r?
11
Suppose -2 + 6 = p. Suppose 0 = p*d - 6 - 10. What is the greatest common factor of d and 4?
4
Suppose -30 = -5*j - 5*b, -5*j + 2*b + 2*b = -30. Let s(i) = 17*i**3 + i**2 + i - 1. Let q be s(1). What is the highest common divisor of j and q?
6
Let r = -105 + 143. Calculate the highest common divisor of 2 and r.
2
Let j(r) = -r**3 + 5*r**2 + r + 6. Let u(g) = -g**3 + 6*g**2 - 3*g - 5. Let o be u(5). Let z be j(o). Calculate the highest common divisor of 121 and z.
11
Let n be 200/6 - 2/(-3). Let z = n + -20. What is the highest common divisor of z and 35?
7
Let c be 1/(-3)*3*-4. Let b be 2/(-3) + 4/6. Let j = c - b. Calculate the highest common divisor of j and 4.
4
Suppose 2 + 7 = -o. Let g = -3 + o. Let s be ((-8)/(-6))/((-8)/g). What is the greatest common factor of 10 and s?
2
Suppose -4*g = -2*a - 108, 2*g - 55 = 2*a - 3. What is the greatest common divisor of 14 and g?
14
Suppose 4*y = y. Suppose -5*j + 113 = 3*f, y*f + 5*f - 181 = -j. Suppose -5*r + 15 = 2*l - 21, -4*l + 3*r = -72. What is the highest common divisor of l and f?
18
Let b = -4 - -4. Suppose -k + 40 + b = 0. What is the greatest common factor of 16 and k?
8
Suppose -1 = x - 4, -j = -x - 11. Calculate the greatest common divisor of 21 and j.
7
Let j(z) = -z**2 - 10*z + 2. Let o be j(-10). Let s be 1/o*-6 + 12. Calculate the greatest common divisor of s and 81.
9
Suppose -152 = -5*j + 118. Let o = -34 + j. Calculate the greatest common divisor of o and 5.
5
Suppose 4*y - 9 = 4*s - 77, 4*y = -12. What is the highest common divisor of s and 112?
14
Let j(u) = u**3 + 12*u**2 - 12*u + 15. Let m be j(-13). What is the highest common factor of m and 14?
2
Suppose 12 = 4*m - 0*m. Suppose -2*r = -m*l + 10, 2*l - 6 = l + 2*r. Suppose l*p - 3 = -p. What is the greatest common divisor of p and 1?
1
Let a = 13 - -2. What is the highest common factor of 75 and a?
15
Suppose 5*w = 5*y - 415, 6*w = -y + 3*w + 71. What is the greatest common divisor of 40 and y?
40
Let t(j) = 25*j - 13. Let u be t(5). Calculate the greatest common divisor of 28 and u.
28
Let c be -8*1/(-2)*11. Suppose v + 3*v = c. Calculate the highest common factor of v and 88.
11
Suppose 33*n + 24 = 36*n. Calculate the highest common factor of n and 8.
8
Let a be (0 + (-17)/(-2))*2. Let v be 1/3*(-2 - -2). Suppose v = -b + 2*b - 187. What is the greatest common factor of a and b?
17
Let t(m) = -8*m - 1. Let c be t(-8). What is the highest common divisor of c and 9?
9
Suppose -2*k - 82 = -3*o, -3*o + 5*k = -0*k - 70. Let b be (-8416)/(-40) - 5/(75/6). Calculate the greatest common factor of b and o.
30
Let a be 115/(-35) - 4/(-14). Let i = a + 6. Suppose 3*f + i*x = 228, -3*f + f = -2*x - 156. What is the highest common divisor of f and 7?
7
Let f(t) = -t**3 - 4*t**2. Let u be f(-4). Let w(h) = 0*h - 3*h + 4*h + 24. Let m be w(u). What is the highest common divisor of m and 16?
8
Let l be (0 + (-75)/2)*(12 - 14). Suppose 0 = -5*c - 2*q + 144, -4*c + q = 2*q - 117. Calculate the highest common factor of c and l.
15
Suppose 0 = 4*a - 4*j - 12, -5*a + 2*j = 5 - 29. What is the greatest common divisor of a and 8?
2
Suppose 4*c - 3*f - 70 = 0, -3*c - f - f + 44 = 0. Calculate the greatest common divisor of 64 and c.
16
Suppose -17 = -2*j - 3*l, 5*l = -11*j + 10*j - 2. What is the highest common factor of j and 52?
13
Suppose 5*v - 4*v = 0. Let t = v - -6. Let z be ((-4)/(-12))/(2/t). Calculate the greatest common factor of 11 and z.
1
Suppose q = 2*q, 3*u = q - 3. Let y be 11*(3 - 26*u). What is the highest common factor of y and 29?
29
Let m be (-1)/3*(-6)/1. Let x be 4/3*(-3)/m. Let l = x + 6. What is the greatest common factor of 12 and l?
4
Let j = 13 - 8. Suppose j*k = 17 + 3. Calculate the highest common factor of k and 24.
4
Let t be 4*2 - (-1 + 4). Let o be (-1 + -6)*40/(-28). What is the greatest common factor of o and t?
5
Let w = 6 + 2. What is the greatest common divisor of 20 and w?
4
Let v = 37 - 30. Let f(n) = -2*n. Let s be f(-2). Let c = s - 3. What is the greatest common factor of v and c?
1
Suppose 4*d + b = 62, 3*d - 2*b - 46 = -3*b. What is the greatest common divisor of d and 144?
16
Let w(f) = 8*f**2 - 7*f + 3. Let b be w(3). What is the greatest common factor of b and 36?
18
Suppose 0 = 2*j - 2, 4*t + j - 4 = 5*j. Suppose t*i = 3*i - 13. Suppose 0 = -3*r + 3*m - i + 34, m = -4. What is the greatest common divisor of 12 and r?
3
Let d = -95 - -135. What is the highest common divisor of 8 and d?
8
Suppose 0 = -0*m + 4*m - 32. Let o = 2 - 2. Suppose o = 3*l - l - 176. Calculate the greatest common factor of l and m.
8
Let b = -2 + 4. Suppose -b*p - p + 54 = 0. Calculate the highest common divisor of p and 27.
9
Let n(g) = g**3 - g**2 + 4. Let f be n(3). What is the highest common divisor of 418 and f?
22
Suppose 66 = 5*d - 54. What is the highest common divisor of 12 and d?
12
Suppose -3*p + 4*p - 3 = 0. Suppose p*n - 2 = -x + 189, -250 = -4*n + x. Suppose 49 = r - n. Calculate the highest common divisor of 14 and r.
14
Let w be (-1 + 0)/(2/(-16)). Calculate the greatest common di